. What is r(y)?
-13
Let l = 35 + -20. Suppose 0 = -4*i + 7*i - l. Let q(o) = -5*o**3 - 1 + 3*o**3 - i*o**3 - o. Calculate q(-1).
7
Let v = 1 - 6. Let c(n) be the first derivative of -n**4/4 - 5*n**3/3 + n**2/2 - n - 60. Give c(v).
-6
Let i(l) = 4*l + 20. Suppose 5*j - 26 = y, j + j + 10 = -3*y. Let k be i(y). Let n(f) = f**2 + 3*f - 2. What is n(k)?
2
Let g(m) = 2*m - 4. Let w(k) = -5*k + 7. Let l(q) = -5*g(q) - 3*w(q). Suppose -19*y = -18*y - 32. Let t = 33 - y. Give l(t).
4
Let s(q) = q**2 - 6*q. Let p = -14 - -3. Let x(o) = -2*o - 17. Let g be x(p). Give s(g).
-5
Let t(l) = 10 + 13 - 24 - 2*l. Suppose -9 = -3*b - 3. Suppose 0*n - 8 = b*n. Give t(n).
7
Let g(i) = -4*i**2 - 6*i + 6. Let b(m) = 3*m**2 + 6*m - 6. Let u(c) = -3*b(c) - 2*g(c). Let z(l) = -8*l**3 - l**2 + l + 2. Let s be z(1). Calculate u(s).
6
Let o(d) = d**2 + 2*d - 1. Suppose 2*v - 5 + 9 = 0. Give o(v).
-1
Let j(i) = -2*i - 13. Let k be (35/(-21))/((-1)/(-3)). Let g be j(k). Let p(h) = -3 + 6 + 3*h - 1 + 0*h. Calculate p(g).
-7
Let s(q) = -q**2 + 49*q**3 + 1 + q + 6 - 20*q**3 - 28*q**3. What is s(0)?
7
Let w(p) = p**3 + p**2 - 2. Let s be w(2). Let r(q) = -2*q**2 + 2*q + 1. Let l be r(0). Let i(b) = -7*b - 2*b - l + s*b. Give i(0).
-1
Let q(y) = -y - 5. Let c = 3 - -19. Suppose -5*i - 1 - c = 2*o, 0 = -3*i - 2*o - 13. Determine q(i).
0
Suppose 0*w - 3*w = -5*o - 34, -5*o - 40 = -5*w. Let l(b) = -5*b + 0*b**2 - b**2 + 3*b - 1 + 2*b**w. Let d = 5 - 3. Calculate l(d).
7
Let l(v) be the third derivative of 11/30*v**5 - 8*v**2 + 0 + 0*v + 0*v**3 + 0*v**4. Calculate l(-1).
22
Let l(b) be the second derivative of 0 + 0*b**2 + 18*b - 1/20*b**5 + 0*b**4 + 0*b**3. What is l(2)?
-8
Suppose 0*o + 6 = -3*o. Let v(l) be the first derivative of -l**5/10 - l**4/6 + l**3/6 + 6*l - 1. Let c(u) be the first derivative of v(u). Give c(o).
6
Let w(c) be the first derivative of -c**4/4 + 4*c**3/3 - 5*c**2/2 + 3*c - 329. Determine w(3).
-3
Let i(k) be the second derivative of -k**4/12 - 13*k**3/6 + 3*k**2 - 7*k. Calculate i(-13).
6
Let j be ((-60)/280)/(3/(-42)). Let u(m) be the second derivative of -m**4/12 + 5*m**3/6 - m**2 - 3*m. What is u(j)?
4
Let h be 16/(-56) - 116/(-14). Let j(f) = 24*f - 29*f + h*f. Determine j(8).
24
Let v(w) = 2*w - 10. Let k(x) = -x + 3. Let j(d) = -4*k(d) - v(d). Give j(7).
12
Let w = -5 + 5. Suppose w*k - k = -7. Suppose -8*x = -k*x + 1. Let i(y) = 2*y**3 + y**2 + y + 1. Give i(x).
-1
Suppose -7 = -2*n + n. Suppose 0 = n*z + z. Let x(w) = -w**3 + w**2 + w + 8. Determine x(z).
8
Suppose -19 = -4*m - 163. Let r = -37 - m. Let k(i) = 1. Let c(p) = p**2 + 6. Let j(x) = -2*c(x) + 11*k(x). Determine j(r).
-3
Let b(l) = 5*l. Let j(h) = h**2 - h - 1. Let o(m) = b(m) - j(m). Suppose -2*k + 35 = 5*k. Determine o(k).
6
Let o(m) = 8 + 2*m + 5*m**2 + 6*m**2 + m**3 + 6*m**2 - 5*m**2 - 6*m**2. Give o(-6).
-4
Let h(d) = 1. Let t(q) = q - 5. Suppose 0*y + 5 = -y, 5*l + 10 = 3*y. Let v = l - -8. Let a(f) = v*h(f) - t(f). Calculate a(0).
8
Suppose 0 = 4*y, -5*u - y + 6 + 4 = 0. Let s(p) = 2 - 12*p + p**u - 1 + 10*p + 1. Give s(3).
5
Suppose h + 4*r + 14 = 0, 2*r = -5*h - 10 - 6. Suppose 3 - 5 = d - y, 3*d + 5*y = 34. Let o(j) = -2*j + j**2 - 3*j + d*j - 2 + j. Determine o(h).
4
Let m(j) = 7*j. Suppose 4*z + 16 = 0, -3*b - z - 164 = -8*b. Suppose b = q - 5*q. Let a be 1 + -4 - q/2. Calculate m(a).
7
Let y = -21 - -29. Let g(t) = -119*t**2 + 0*t + 118*t**2 - 10 - y*t - 2. Give g(-8).
-12
Let t = 32 - 14. Let l = -18 + t. Let c(z) = -z - 5*z**2 + 4*z**2 + 0*z. Calculate c(l).
0
Suppose 0 = -3*y + 4*y - 27. Let t = -25 + y. Let p(q) = 6 - 5*q**2 - q**3 - q - 8 + 0*q**t. What is p(-5)?
3
Let o(q) = q**3 - 6*q**2 - 71*q - 8. Let s be o(12). Let l(m) be the third derivative of 0 - 1/24*m**s - 6*m**2 + 1/2*m**3 + 0*m. Give l(-7).
10
Let w(y) = -y**3 - 9*y**2 - 5*y + 8. Suppose 42*h + 72 = 33*h. What is w(h)?
-16
Let x = 319 - 318. Let l(c) = 2*c - 2. Calculate l(x).
0
Let l(d) be the second derivative of d**3/6 - 15*d**2/2 - 833*d. Determine l(8).
-7
Let d(p) be the second derivative of -2*p**3 + 3*p**2 - 250*p + 2. Give d(1).
-6
Let b(i) = -3 + 2*i - 13*i - 3*i**2 + 2*i**2 - 3*i. Let z be b(-12). Suppose -5*q + 4 = 5*o - z, q + 3*o = 15. Let d(n) = -n + 11. Calculate d(q).
11
Let w(p) = -14*p - 24. Let c(s) be the second derivative of -5*s**3/6 - 4*s**2 - 10*s. Let r(g) = -17*c(g) + 6*w(g). Calculate r(8).
0
Let f be (-4 - -2)*2/(-4). Suppose f = 5*y - 24. Let w(b) = -5*b + y + 3*b + 2*b - b. What is w(-4)?
9
Let r(g) = g**2 + g**3 + 61 + 5*g**2 - 2*g**3 - 58. Determine r(6).
3
Suppose -3*f + t = -f + 28, 4*t - 16 = 2*f. Let n(b) = b**2 + 14*b - 34. Let u be n(f). Let k(z) = -2*z**2 - 1. Give k(u).
-9
Let m be -3 - (0/4 + -2). Let d(n) be the third derivative of n**5/20 + n**4/24 + n**3/6 - 12*n**2. What is d(m)?
3
Suppose 40*b + 15 = 45*b. Let g(n) = -2 + 3*n - 6*n**2 - n**2 + 3*n**2 + 2*n**b. Calculate g(2).
4
Let b(s) = -s**3 - 243*s + 4*s**2 - 4 + 4*s**3 - 2*s**3 + 234*s. Calculate b(-6).
-22
Let x(s) = s**3 + 15*s**2 - 25. Let j be x(-10). Let w(y) = 1 - 476*y**2 - 3*y - 7 + j*y**2. What is w(-5)?
-16
Let v(n) = -n**2 - 8*n + 1. Let d(y) = -1. Let j(h) = -4*d(h) - v(h). Let c be -2 + 7/(-2) - 5/(-10). Determine j(c).
-12
Let f = -28 - -28. Suppose k + 2*k + p + 11 = f, -k = 2*p - 3. Let w(v) = 8*v + 7. Let n(q) = -7*q - 7. Let r(x) = -6*n(x) - 5*w(x). What is r(k)?
-3
Let x(l) = -l - 2. Let r(d) = 6*d - 12. Let w(m) = -2*m + 4. Let s(k) = 4*r(k) + 11*w(k). Suppose -4*y + 31 = 11. Let p be s(y). What is x(p)?
-8
Let c(x) = -x**2 + 3*x + 4. Let m(q) = q - 28. Let v be m(14). Let d = -21 - v. Let r = d - -11. Give c(r).
0
Let h(s) = s**3 + 6*s**2 + 2*s - 16. Let y be h(-4). Let i(q) = q**2 - 9*q + 12. What is i(y)?
4
Let q(y) = 922*y**2 + 4*y + 1 - 465*y**2 - 461*y**2 - 2*y. Suppose 2*r + 3 = -r. Determine q(r).
-5
Let t be ((-9)/(-3))/3*15/15. Let y(i) = 11*i**3 + 1. Calculate y(t).
12
Suppose 4*t + 2901 = 2869. Let w(k) = 16*k + 15. Let p(g) = 3*g + 3. Let n(b) = 11*p(b) - 2*w(b). Determine n(t).
-5
Let k(o) = -o**3 - 7*o**2 + 2. Let s(l) = l**3 + 6*l**2 + l - 2. Let f(a) = -2*k(a) - 3*s(a). Suppose -2*c = -4*w - w - 15, 5*c = 3*w + 9. Determine f(w).
2
Suppose -3*k + g + 2 = 0, 5*g + 0 + 10 = 3*k. Let o(s) = 5*s + 12. Let l(b) = 14*b + 36. Let z(q) = 6*l(q) - 17*o(q). What is z(k)?
12
Let y(g) = -16*g**3 + 19*g**2 - 24*g - 18. Let c(n) = 3*n**3 - 4*n**2 + 5*n + 3. Let k(m) = -11*c(m) - 2*y(m). What is k(5)?
-7
Let w = -83 + 33. Let v = w - -42. Let d(b) = -b - 11. What is d(v)?
-3
Let m(c) = -c**2 - c - 4. Let k(i) = -i**2 - i - 5. Let x(b) = -5*k(b) + 6*m(b). Suppose 5 = 3*s + 2. Suppose -2*d = -s + 5, d + 17 = 5*r. Calculate x(r).
-11
Let j(b) be the second derivative of b**5/30 + b**4/12 - 43*b**2/2 + 30*b. Let p(w) be the first derivative of j(w). Determine p(-2).
4
Let d be (6/4)/(978/480 - 2). Let s be (-216)/d - (-6)/(-10). Let v(k) = -k**3 - 5*k**2 + 4*k + 8. Determine v(s).
20
Let d(h) = 16*h**3 - 3*h**2 - 5*h + 4. Let c(u) = -7*u**3 + 2*u**2 + 3*u - 3. Let r(m) = -7*c(m) - 3*d(m). Give r(6).
9
Let g = 5 + -3. Suppose -4 = 2*i - a + 3, 3*i + g*a - 7 = 0. Let t(z) = -8*z**2. Let o(j) = -j**2. Let m(f) = 2*o(f) - t(f). What is m(i)?
6
Let x(v) = -6*v**2 + 5*v + 4. Let i(w) = -6*w**2 + 3*w + 3. Let o(a) = -3*i(a) + 2*x(a). Calculate o(1).
6
Let q(p) be the first derivative of p**4/4 - 2*p**3/3 - p**2/2 + 180. Give q(3).
6
Let g(u) be the first derivative of 1/3*u**3 - 3 - u - 2*u**2. What is g(6)?
11
Let a(g) = -23*g + 146. Let k be a(7). Let i(f) = -f**2 - 16*f - 17. Give i(k).
-2
Let n(a) = -2*a + 0*a - 98*a**2 + 0*a + 6*a + 97*a**2. What is n(-2)?
-12
Let m(g) = g + 4. Let x be m(-4). Let u(n) = -n + 0 + 1 + 5 - 7. Determine u(x).
-1
Let n(a) = -a**2 + 26*a - 41. Let t be n(24). Let y(l) = l**2 - 9*l. What is y(t)?
-14
Let h(i) = -4*i**2 + 3*i**2 + 23 - 101*i + 88*i. Determine h(-14).
9
Let v(o) = 26*o + 46. Let b be v(-2). Let p(s) = -2*s**2 - 8*s + 9. Calculate p(b).
-15
Suppose -19 = 4*v + 17. Let u(s) = s**2 + 10*s + 11. Determine u(v).
2
Let u(h) = h**2 + 1. Let d(y) = y**3 - 2*y - 8. Let a(b) = -d(b) - 5*u(b). Let m be -5 + 3/18*0. What is a(m)?
-7
Let l(z) = z**3 + 10*z**2 + 9*z + 9. Let h be (-4)/1*(-108)/(-48). What is l(h)?
9
Let v(l) be the third derivative of -2/3*